{"id":2846,"date":"2021-07-26T15:32:24","date_gmt":"2021-07-26T13:32:24","guid":{"rendered":"https:\/\/industriekultur-winterthur.ch\/site\/?page_id=2846"},"modified":"2024-08-15T11:58:42","modified_gmt":"2024-08-15T09:58:42","slug":"schulprojekt","status":"publish","type":"page","link":"https:\/\/industriekultur-winterthur.ch\/site\/schulprojekt\/","title":{"rendered":"Schulprojekt"},"content":{"rendered":"\n<style type=\"text\/css\" data-created_by=\"avia_inline_auto\" id=\"style-css-av-zsb39a-84f865e774d03755b333b5389805d490\">\n.avia-section.av-zsb39a-84f865e774d03755b333b5389805d490{\nmargin-top:0px;\nmargin-bottom:0px;\n}\n<\/style>\n<div id='av_section_1'  class='avia-section av-zsb39a-84f865e774d03755b333b5389805d490 main_color avia-section-default avia-no-border-styling  avia-builder-el-0  el_before_av_section  avia-builder-el-first  avia-bg-style-scroll container_wrap fullsize'  ><div class='container av-section-cont-open' ><main  role=\"main\" itemprop=\"mainContentOfPage\"  class='template-page content  av-content-full alpha units'><div class='post-entry post-entry-type-page post-entry-2846'><div class='entry-content-wrapper clearfix'>\n\n<style type=\"text\/css\" data-created_by=\"avia_inline_auto\" id=\"style-css-av-ynmyxa-4800ff49282cc1f43203f77c09615cf0\">\n.flex_column.av-ynmyxa-4800ff49282cc1f43203f77c09615cf0{\nborder-radius:0px 0px 0px 0px;\npadding:0px 0px 0px 0px;\n}\n<\/style>\n<div  class='flex_column av-ynmyxa-4800ff49282cc1f43203f77c09615cf0 av_one_half  avia-builder-el-1  el_before_av_one_half  avia-builder-el-first  first flex_column_div av-zero-column-padding  '     ><p><div  class='av_gmaps_sc_main_wrap av_gmaps_main_wrap '><div id='av_gmap_0' class='avia-google-map-container avia-google-map-sc av_gmaps_show_unconditionally av-no-fallback-img ' data-mapid='av_gmap_0'  style='height: 400px;'><a class=\"av_gmaps_browser_disabled av_text_confirm_link av_text_confirm_link_visible\" href=\"https:\/\/www.google.com\/maps\/search\/?api=1&#038;query=St.Gallerstrasse%20138%20%20Winterthur%20%20Schweiz\" target=\"_blank\">Aufgrund deiner Datenschutz-Einstellungen k\u00f6nnen wir Ihnen die Karte nicht anzeigen. Klicken Sie hier, um die Karte in einem neuen Fenster zu \u00f6ffnen.<\/a><\/div><\/div><br \/>\n\n<style type=\"text\/css\" data-created_by=\"avia_inline_auto\" id=\"style-css-av-krkq2zlq-63bcb128cc35dde1ee82635f769ff605\">\n#top .hr.hr-invisible.av-krkq2zlq-63bcb128cc35dde1ee82635f769ff605{\nheight:10px;\n}\n<\/style>\n<div  class='hr av-krkq2zlq-63bcb128cc35dde1ee82635f769ff605 hr-invisible  avia-builder-el-3  el_after_av_google_map  el_before_av_image  avia-builder-el-first '><span class='hr-inner '><span class=\"hr-inner-style\"><\/span><\/span><\/div><br \/>\n\n<style type=\"text\/css\" data-created_by=\"avia_inline_auto\" id=\"style-css-av-krkpwndn-206b5a24a5faacc52e231929832693e8\">\n.avia-image-container.av-krkpwndn-206b5a24a5faacc52e231929832693e8 img.avia_image{\nbox-shadow:none;\n}\n.avia-image-container.av-krkpwndn-206b5a24a5faacc52e231929832693e8 .av-image-caption-overlay-center{\ncolor:#ffffff;\n}\n<\/style>\n<div  class='avia-image-container av-krkpwndn-206b5a24a5faacc52e231929832693e8 av-styling- avia-align-center  avia-builder-el-4  el_after_av_hr  el_before_av_image '   itemprop=\"image\" itemscope=\"itemscope\" itemtype=\"https:\/\/schema.org\/ImageObject\" ><div class=\"avia-image-container-inner\"><div class=\"avia-image-overlay-wrap\"><img decoding=\"async\" fetchpriority=\"high\" class='wp-image-2871 avia-img-lazy-loading-not-2871 avia_image ' src=\"https:\/\/industriekultur-winterthur.ch\/site\/wp-content\/uploads\/2021\/07\/HandwerkJPG-e1627309489984.jpeg\" alt='' title='HandwerkJPG'  height=\"400\" width=\"640\"  itemprop=\"thumbnailUrl\" srcset=\"https:\/\/industriekultur-winterthur.ch\/site\/wp-content\/uploads\/2021\/07\/HandwerkJPG-e1627309489984.jpeg 640w, https:\/\/industriekultur-winterthur.ch\/site\/wp-content\/uploads\/2021\/07\/HandwerkJPG-e1627309489984-300x188.jpeg 300w\" sizes=\"(max-width: 640px) 100vw, 640px\" \/><\/div><\/div><\/div><br \/>\n\n<style type=\"text\/css\" data-created_by=\"avia_inline_auto\" id=\"style-css-av-krkpwxor-d6fe7ac484fd019428d6712491f56db6\">\n.avia-image-container.av-krkpwxor-d6fe7ac484fd019428d6712491f56db6 img.avia_image{\nbox-shadow:none;\n}\n.avia-image-container.av-krkpwxor-d6fe7ac484fd019428d6712491f56db6 .av-image-caption-overlay-center{\ncolor:#ffffff;\n}\n<\/style>\n<div  class='avia-image-container av-krkpwxor-d6fe7ac484fd019428d6712491f56db6 av-styling- avia-align-center  avia-builder-el-5  el_after_av_image  avia-builder-el-last '   itemprop=\"image\" itemscope=\"itemscope\" itemtype=\"https:\/\/schema.org\/ImageObject\" ><div class=\"avia-image-container-inner\"><div class=\"avia-image-overlay-wrap\"><img decoding=\"async\" fetchpriority=\"high\" class='wp-image-2872 avia-img-lazy-loading-not-2872 avia_image ' src=\"https:\/\/industriekultur-winterthur.ch\/site\/wp-content\/uploads\/2021\/07\/Schaubetrieb-2JPG-e1627309936873.jpeg\" alt='' title='Schaubetrieb 2JPG'  height=\"400\" width=\"640\"  itemprop=\"thumbnailUrl\" srcset=\"https:\/\/industriekultur-winterthur.ch\/site\/wp-content\/uploads\/2021\/07\/Schaubetrieb-2JPG-e1627309936873.jpeg 640w, https:\/\/industriekultur-winterthur.ch\/site\/wp-content\/uploads\/2021\/07\/Schaubetrieb-2JPG-e1627309936873-300x188.jpeg 300w\" sizes=\"(max-width: 640px) 100vw, 640px\" \/><\/div><\/div><\/div><\/p><\/div>\n<style type=\"text\/css\" data-created_by=\"avia_inline_auto\" id=\"style-css-av-t67mq6-72c2dcd7859175877409ac8e55a38b1b\">\n.flex_column.av-t67mq6-72c2dcd7859175877409ac8e55a38b1b{\nborder-radius:0px 0px 0px 0px;\npadding:0px 0px 0px 0px;\n}\n<\/style>\n<div  class='flex_column av-t67mq6-72c2dcd7859175877409ac8e55a38b1b av_one_half  avia-builder-el-6  el_after_av_one_half  avia-builder-el-last  flex_column_div av-zero-column-padding  '     ><p>\n<style type=\"text\/css\" data-created_by=\"avia_inline_auto\" id=\"style-css-av-krko6g3u-423982bb26aef7bd897f10044d295ae6\">\n#top .av-special-heading.av-krko6g3u-423982bb26aef7bd897f10044d295ae6{\npadding-bottom:10px;\n}\nbody .av-special-heading.av-krko6g3u-423982bb26aef7bd897f10044d295ae6 .av-special-heading-tag .heading-char{\nfont-size:25px;\n}\n.av-special-heading.av-krko6g3u-423982bb26aef7bd897f10044d295ae6 .av-subheading{\nfont-size:15px;\n}\n<\/style>\n<div  class='av-special-heading av-krko6g3u-423982bb26aef7bd897f10044d295ae6 av-special-heading-h1 blockquote modern-quote  avia-builder-el-7  el_before_av_textblock  avia-builder-el-first '><h1 class='av-special-heading-tag '  itemprop=\"headline\"  >Schulprojekt<\/h1><div class=\"special-heading-border\"><div class=\"special-heading-inner-border\"><\/div><\/div><\/div><br \/>\n<section  class='av_textblock_section av-rddqny-adb89658f8d0ecead78859c0c4a2e9c0 '   itemscope=\"itemscope\" itemtype=\"https:\/\/schema.org\/CreativeWork\" ><div class='avia_textblock'  itemprop=\"text\" ><p><strong>Industriekultur <em>live<\/em><\/strong><br \/>\nIn der <strong><a href=\"https:\/\/industriekultur-winterthur.ch\/site\/nagelfabrik\/\">Nagelfabrik Nagli<\/a><\/strong> kann die Geschichte der Industrialisierung beispielhaft dargestellt und nachvollzogen werden.<\/p>\n<p>Wir bieten F\u00fchrungen f\u00fcr Klassen der Oberstufe gem\u00e4ss Lehrplan 21 an.\u00a0 Dabei k\u00f6nnen die Sch\u00fclerinnen und Sch\u00fcler die industriellen Revolutionen, vom Handwerk bis hin zu <em>Industrie 4.0<\/em>. in einer noch produzierenden Fabrik und einem Schaubetrieb mit historischen Maschinen erleben. Die industrielle Lebenswelt, heute selten geworden, ist hier noch sp\u00fcrbar!<\/p>\n<\/div><\/section><br \/>\n<div  class='hr av-216nvi-85a0ca1fb2e50d29156a4e5f8061819a hr-default  avia-builder-el-9  el_after_av_textblock  el_before_av_textblock '><span class='hr-inner '><span class=\"hr-inner-style\"><\/span><\/span><\/div><br \/>\n<section  class='av_textblock_section av-krkognrg-8960e24dcdf70e3c1aebc450dcfd8dd1 '   itemscope=\"itemscope\" itemtype=\"https:\/\/schema.org\/CreativeWork\" ><div class='avia_textblock'  itemprop=\"text\" ><p><strong>Zielgruppe:<\/strong> Oberstufenklassen im 2. Sekundarschuljahr<\/p>\n<p><strong>Inhalt:<\/strong> gem\u00e4ss Lehrplan 21 (RZG 5.2.a, RZG.6.2.b, RZG.6.2.d, RZG.7.1.a)<br \/>\nin Standardsprache<\/p>\n<p><strong>L\u00e4nge:<\/strong> 1 Doppellektion (2 x 45 Minuten)<\/p>\n<p><strong>Geschenk:<\/strong>\u00a01 Buch im Wert von CHF 18\u00a0<strong><br \/>\n<a href=\"https:\/\/industriekultur-winterthur.ch\/site\/verein\/shop\/\">\u00abNagli Winterthur \u2013 vom Kleinbetrieb zum Industriedenkmal\u00bb<\/a><\/strong><\/p>\n<p><strong>Begleitunterlagen <a href=\"https:\/\/industriekultur-winterthur.ch\/site\/wp-content\/uploads\/2024\/07\/Fuehrungskonzept-SP-24_25.pdf\" target=\"_blank\" rel=\"noopener\">Industriekultur Winterthur<\/a><\/strong> und <strong><a href=\"https:\/\/industriekultur-winterthur.ch\/site\/wp-content\/uploads\/2021\/08\/Link-zum-Museum-Schaffen.pdf\">Museum Schaffen<\/a><\/strong><\/p>\n<p><strong>Preise<\/strong>: bis 20 Teilnehmende: CHF 390<\/p>\n<p><strong>Spezialangebot f\u00fcr Sekundarschulen der Stadt Winterthur:<\/strong> kostenlos,<br \/>\nDank grossz\u00fcgiger Unterst\u00fctzung der Dr.\u00a0Hermann\u00a0Schmidhauser\u00a0Stiftung.<br \/>\nDie Platzzahl ist beschr\u00e4nkt: \u00abEs h\u00e4t solangs h\u00e4t&#8230;\u00bb<\/p>\n<p><img loading=\"lazy\" decoding=\"async\" class=\"alignnone size-medium wp-image-3706\" src=\"https:\/\/industriekultur-winterthur.ch\/site\/wp-content\/uploads\/2024\/07\/Dr_HS_Stiftung-Logo-RGB-300x87.jpg\" alt=\"\" width=\"300\" height=\"87\" srcset=\"https:\/\/industriekultur-winterthur.ch\/site\/wp-content\/uploads\/2024\/07\/Dr_HS_Stiftung-Logo-RGB-300x87.jpg 300w, https:\/\/industriekultur-winterthur.ch\/site\/wp-content\/uploads\/2024\/07\/Dr_HS_Stiftung-Logo-RGB.jpg 631w\" sizes=\"auto, (max-width: 300px) 100vw, 300px\" \/><\/p>\n<\/div><\/section><br \/>\n<div  class='hr av-pblx3i-149997fdaaaced7b1231c09b1e6b061d hr-default  avia-builder-el-11  el_after_av_textblock  el_before_av_textblock '><span class='hr-inner '><span class=\"hr-inner-style\"><\/span><\/span><\/div><br \/>\n<section  class='av_textblock_section av-nq3vhq-3744ee88a9ecf30bbcc8ddb3b729fa19 '   itemscope=\"itemscope\" itemtype=\"https:\/\/schema.org\/CreativeWork\" ><div class='avia_textblock'  itemprop=\"text\" ><p><strong>Buchung:<\/strong> auf Anfrage<\/p>\n<p><strong>Absagen:\u00a0<\/strong>bis 10\u00a0Tage im Voraus: kostenlos<\/p>\n<p>9\u20133 Tage im Voraus: Unkostenbeitrag<\/p>\n<p>weniger als 48 Stunden im Voraus: voller Betrag<\/p>\n<\/div><\/section><\/p><\/div>\n\n<\/div><\/div><\/main><!-- close content main element --><\/div><\/div><div id='av_section_2'  class='avia-section av-mfgk8u-79d7b4250f77daf46d9b85274ba9e2b4 main_color avia-section-small avia-no-border-styling  avia-builder-el-13  el_after_av_section  avia-builder-el-last  avia-bg-style-scroll container_wrap fullsize'  ><div class='container av-section-cont-open' ><div class='template-page content  av-content-full alpha units'><div class='post-entry post-entry-type-page post-entry-2846'><div class='entry-content-wrapper clearfix'>\n<div  class='hr av-k5b672-14db0600819d623a3bf2d8b86f884e16 hr-full  avia-builder-el-14  el_before_av_heading  avia-builder-el-first  hr-no-shadow'><span class='hr-inner '><span class=\"hr-inner-style\"><\/span><\/span><\/div>\n\n<style type=\"text\/css\" data-created_by=\"avia_inline_auto\" id=\"style-css-av-isuwzi-68cbc4b8bf1c7c8cea8686b058db14fe\">\n#top .av-special-heading.av-isuwzi-68cbc4b8bf1c7c8cea8686b058db14fe{\npadding-bottom:10px;\n}\nbody .av-special-heading.av-isuwzi-68cbc4b8bf1c7c8cea8686b058db14fe .av-special-heading-tag .heading-char{\nfont-size:25px;\n}\n.av-special-heading.av-isuwzi-68cbc4b8bf1c7c8cea8686b058db14fe .av-subheading{\nfont-size:15px;\n}\n<\/style>\n<div  class='av-special-heading av-isuwzi-68cbc4b8bf1c7c8cea8686b058db14fe av-special-heading-h1 blockquote modern-quote  avia-builder-el-15  el_after_av_hr  el_before_av_contact '><h1 class='av-special-heading-tag '  itemprop=\"headline\"  >Buchungsanfrage \u00abIndustriekultur live\u00bb<\/h1><div class=\"special-heading-border\"><div class=\"special-heading-inner-border\"><\/div><\/div><\/div>\n<form action=\"https:\/\/industriekultur-winterthur.ch\/site\/schulprojekt\/\" method=\"post\" data-fields-with-error=\"Fehler wurden in folgenden Feld(ern) gefunden:\" class=\"avia_ajax_form av-form-labels-hidden   avia-builder-el-16  el_after_av_heading  avia-builder-el-last  av-custom-form-color av-dark-form \" data-avia-form-id=\"1\" data-avia-redirect='' ><fieldset><p class='  first_form  form_element form_element_fourth' id='element_avia_1_1'><label for=\"avia_1_1\">Name <abbr class=\"required\" title=\"ben\u00f6tigt\">*<\/abbr><\/label> <input name=\"avia_1_1\" class=\"text_input is_empty\" type=\"text\" id=\"avia_1_1\" value=\"\"  placeholder='Name*'\/><\/p><p class='  form_element form_element_fourth' id='element_avia_2_1'><label for=\"avia_2_1\">Mobile Phone <abbr class=\"required\" title=\"ben\u00f6tigt\">*<\/abbr><\/label> <input name=\"avia_2_1\" class=\"text_input is_phone\" type=\"text\" id=\"avia_2_1\" value=\"\"  placeholder='Mobile Phone*'\/><\/p><p class='  form_element form_element_fourth' id='element_avia_3_1'><label for=\"avia_3_1\">E-Mail <abbr class=\"required\" title=\"ben\u00f6tigt\">*<\/abbr><\/label> <input name=\"avia_3_1\" class=\"text_input is_email\" type=\"text\" id=\"avia_3_1\" value=\"\"  placeholder='E-Mail*'\/><\/p><p class='  form_element form_element_fourth' id='element_avia_4_1'><label for=\"avia_4_1\">Schulhaus <abbr class=\"required\" title=\"ben\u00f6tigt\">*<\/abbr><\/label><select  name=\"avia_4_1\" class=\"select is_empty\" id=\"avia_4_1\"><option class=\"av-placeholder\" disabled=\"disabled\" selected=\"selected\" value=''>Schulhaus*<\/option><option   value='B\u00fcelwiesen'>B\u00fcelwiesen<\/option><option   value='Feld'>Feld<\/option><option   value='Heiligberg'>Heiligberg<\/option><option   value='Hohfurri'>Hohfurri<\/option><option   value='Lindberg'>Lindberg<\/option><option   value='Mattenbach'>Mattenbach<\/option><option   value='Oberseen'>Oberseen<\/option><option   value='Rosenau'>Rosenau<\/option><option   value='Rychenberg'>Rychenberg<\/option><option   value='St.Georgen'>St.Georgen<\/option><option   value='Wallr\u00fcti'>Wallr\u00fcti<\/option><option   value='ausserhalb von Winterthur'>ausserhalb von Winterthur<\/option><\/select><\/p><p class='  first_form  form_element form_element_half' id='element_avia_5_1'><label for=\"avia_5_1\">Klassenbezeichnung <abbr class=\"required\" title=\"ben\u00f6tigt\">*<\/abbr><\/label> <input name=\"avia_5_1\" class=\"text_input is_empty\" type=\"text\" id=\"avia_5_1\" value=\"\"  placeholder='Klassenbezeichnung*'\/><\/p><p class='  form_element form_element_fourth' id='element_avia_6_1'><label for=\"avia_6_1\">Anzahl SuS <abbr class=\"required\" title=\"ben\u00f6tigt\">*<\/abbr><\/label> <input name=\"avia_6_1\" class=\"text_input is_empty\" type=\"text\" id=\"avia_6_1\" value=\"\"  placeholder='Anzahl SuS*'\/><\/p><p class='  form_element form_element_fourth' id='element_avia_7_1'><label for=\"avia_7_1\">Begleitpersonen (min. 2) <abbr class=\"required\" title=\"ben\u00f6tigt\">*<\/abbr><\/label> <input name=\"avia_7_1\" class=\"text_input is_empty\" type=\"text\" id=\"avia_7_1\" value=\"\"  placeholder='Begleitpersonen (min. 2)*'\/><\/p><p class='  first_form  form_element form_element_half' id='element_avia_8_1'><label for=\"avia_8_1\">Datumsw\u00fcnsche <abbr class=\"required\" title=\"ben\u00f6tigt\">*<\/abbr><\/label> <input name=\"avia_8_1\" class=\"text_input is_empty\" type=\"text\" id=\"avia_8_1\" value=\"\"  placeholder='Datumsw\u00fcnsche*'\/><\/p><p class='  form_element form_element_half' id='element_avia_9_1'><label for=\"avia_9_1\">Gew\u00fcnschte Zeit <abbr class=\"required\" title=\"ben\u00f6tigt\">*<\/abbr><\/label> <input name=\"avia_9_1\" class=\"text_input is_empty\" type=\"text\" id=\"avia_9_1\" value=\"\"  placeholder='Gew\u00fcnschte Zeit*'\/><\/p><p class='  first_form  form_element form_fullwidth av-last-visible-form-element' id='element_avia_10_1'><label for=\"avia_10_1\" class=\"textare_label hidden textare_label_avia_10_1\">Bemerkungen<\/label><textarea  placeholder='Bemerkungen' name=\"avia_10_1\" class=\"text_area \" cols=\"40\" rows=\"7\" id=\"avia_10_1\" ><\/textarea><\/p><p class=\"hidden\"><input type=\"text\" name=\"avia_11_1\" class=\"hidden \" id=\"avia_11_1\" value=\"\" \/><\/p><p class=\"form_element \"><input type=\"hidden\" value=\"1\" name=\"avia_generated_form1\" \/><input type=\"submit\" value=\"anfragen\" class=\"button\"  data-sending-label=\"Sende\"\/><\/p><\/fieldset><\/form><div id=\"ajaxresponse_1\" class=\"ajaxresponse ajaxresponse_1 hidden\"><\/div>\n\n","protected":false},"excerpt":{"rendered":"","protected":false},"author":1,"featured_media":0,"parent":0,"menu_order":0,"comment_status":"closed","ping_status":"closed","template":"","meta":{"footnotes":""},"class_list":["post-2846","page","type-page","status-publish","hentry"],"yoast_head":"<!-- This site is optimized with the Yoast SEO plugin v27.6 - https:\/\/yoast.com\/product\/yoast-seo-wordpress\/ -->\n<title>Schulprojekt - inbahn<\/title>\n<meta name=\"robots\" content=\"index, follow, max-snippet:-1, max-image-preview:large, max-video-preview:-1\" \/>\n<link rel=\"canonical\" href=\"https:\/\/industriekultur-winterthur.ch\/site\/schulprojekt\/\" \/>\n<meta property=\"og:locale\" content=\"de_DE\" \/>\n<meta property=\"og:type\" content=\"article\" \/>\n<meta property=\"og:title\" content=\"Schulprojekt - inbahn\" \/>\n<meta property=\"og:url\" content=\"https:\/\/industriekultur-winterthur.ch\/site\/schulprojekt\/\" \/>\n<meta property=\"og:site_name\" content=\"inbahn\" \/>\n<meta property=\"article:publisher\" content=\"https:\/\/de-de.facebook.com\/Industriekultur.Schweiz\/\" \/>\n<meta property=\"article:modified_time\" content=\"2024-08-15T09:58:42+00:00\" \/>\n<meta property=\"og:image\" content=\"https:\/\/industriekultur-winterthur.ch\/site\/wp-content\/uploads\/2024\/07\/Dr_HS_Stiftung-Logo-RGB-300x87.jpg\" \/>\n<meta name=\"twitter:card\" content=\"summary_large_image\" \/>\n<meta name=\"twitter:label1\" content=\"Gesch\u00e4tzte Lesezeit\" \/>\n\t<meta name=\"twitter:data1\" content=\"2\u00a0Minuten\" \/>\n<script type=\"application\/ld+json\" class=\"yoast-schema-graph\">{\"@context\":\"https:\\\/\\\/schema.org\",\"@graph\":[{\"@type\":\"WebPage\",\"@id\":\"https:\\\/\\\/industriekultur-winterthur.ch\\\/site\\\/schulprojekt\\\/\",\"url\":\"https:\\\/\\\/industriekultur-winterthur.ch\\\/site\\\/schulprojekt\\\/\",\"name\":\"Schulprojekt - inbahn\",\"isPartOf\":{\"@id\":\"https:\\\/\\\/industriekultur-winterthur.ch\\\/site\\\/#website\"},\"primaryImageOfPage\":{\"@id\":\"https:\\\/\\\/industriekultur-winterthur.ch\\\/site\\\/schulprojekt\\\/#primaryimage\"},\"image\":{\"@id\":\"https:\\\/\\\/industriekultur-winterthur.ch\\\/site\\\/schulprojekt\\\/#primaryimage\"},\"thumbnailUrl\":\"https:\\\/\\\/industriekultur-winterthur.ch\\\/site\\\/wp-content\\\/uploads\\\/2024\\\/07\\\/Dr_HS_Stiftung-Logo-RGB-300x87.jpg\",\"datePublished\":\"2021-07-26T13:32:24+00:00\",\"dateModified\":\"2024-08-15T09:58:42+00:00\",\"breadcrumb\":{\"@id\":\"https:\\\/\\\/industriekultur-winterthur.ch\\\/site\\\/schulprojekt\\\/#breadcrumb\"},\"inLanguage\":\"de\",\"potentialAction\":[{\"@type\":\"ReadAction\",\"target\":[\"https:\\\/\\\/industriekultur-winterthur.ch\\\/site\\\/schulprojekt\\\/\"]}]},{\"@type\":\"ImageObject\",\"inLanguage\":\"de\",\"@id\":\"https:\\\/\\\/industriekultur-winterthur.ch\\\/site\\\/schulprojekt\\\/#primaryimage\",\"url\":\"https:\\\/\\\/industriekultur-winterthur.ch\\\/site\\\/wp-content\\\/uploads\\\/2024\\\/07\\\/Dr_HS_Stiftung-Logo-RGB.jpg\",\"contentUrl\":\"https:\\\/\\\/industriekultur-winterthur.ch\\\/site\\\/wp-content\\\/uploads\\\/2024\\\/07\\\/Dr_HS_Stiftung-Logo-RGB.jpg\",\"width\":631,\"height\":183},{\"@type\":\"BreadcrumbList\",\"@id\":\"https:\\\/\\\/industriekultur-winterthur.ch\\\/site\\\/schulprojekt\\\/#breadcrumb\",\"itemListElement\":[{\"@type\":\"ListItem\",\"position\":1,\"name\":\"Startseite\",\"item\":\"https:\\\/\\\/industriekultur-winterthur.ch\\\/site\\\/\"},{\"@type\":\"ListItem\",\"position\":2,\"name\":\"Schulprojekt\"}]},{\"@type\":\"WebSite\",\"@id\":\"https:\\\/\\\/industriekultur-winterthur.ch\\\/site\\\/#website\",\"url\":\"https:\\\/\\\/industriekultur-winterthur.ch\\\/site\\\/\",\"name\":\"Industriekultur Winterthur\",\"description\":\"Verein f\u00fcr Industrie- und Bahnkultur\",\"publisher\":{\"@id\":\"https:\\\/\\\/industriekultur-winterthur.ch\\\/site\\\/#organization\"},\"potentialAction\":[{\"@type\":\"SearchAction\",\"target\":{\"@type\":\"EntryPoint\",\"urlTemplate\":\"https:\\\/\\\/industriekultur-winterthur.ch\\\/site\\\/?s={search_term_string}\"},\"query-input\":{\"@type\":\"PropertyValueSpecification\",\"valueRequired\":true,\"valueName\":\"search_term_string\"}}],\"inLanguage\":\"de\"},{\"@type\":\"Organization\",\"@id\":\"https:\\\/\\\/industriekultur-winterthur.ch\\\/site\\\/#organization\",\"name\":\"Industriekultur Winterthur\",\"url\":\"https:\\\/\\\/industriekultur-winterthur.ch\\\/site\\\/\",\"logo\":{\"@type\":\"ImageObject\",\"inLanguage\":\"de\",\"@id\":\"https:\\\/\\\/industriekultur-winterthur.ch\\\/site\\\/#\\\/schema\\\/logo\\\/image\\\/\",\"url\":\"https:\\\/\\\/industriekultur-winterthur.ch\\\/site\\\/wp-content\\\/uploads\\\/2019\\\/01\\\/inbahn_orange.png\",\"contentUrl\":\"https:\\\/\\\/industriekultur-winterthur.ch\\\/site\\\/wp-content\\\/uploads\\\/2019\\\/01\\\/inbahn_orange.png\",\"width\":1890,\"height\":709,\"caption\":\"Industriekultur Winterthur\"},\"image\":{\"@id\":\"https:\\\/\\\/industriekultur-winterthur.ch\\\/site\\\/#\\\/schema\\\/logo\\\/image\\\/\"},\"sameAs\":[\"https:\\\/\\\/de-de.facebook.com\\\/Industriekultur.Schweiz\\\/\"]}]}<\/script>\n<!-- \/ Yoast SEO plugin. -->","yoast_head_json":{"title":"Schulprojekt - inbahn","robots":{"index":"index","follow":"follow","max-snippet":"max-snippet:-1","max-image-preview":"max-image-preview:large","max-video-preview":"max-video-preview:-1"},"canonical":"https:\/\/industriekultur-winterthur.ch\/site\/schulprojekt\/","og_locale":"de_DE","og_type":"article","og_title":"Schulprojekt - inbahn","og_url":"https:\/\/industriekultur-winterthur.ch\/site\/schulprojekt\/","og_site_name":"inbahn","article_publisher":"https:\/\/de-de.facebook.com\/Industriekultur.Schweiz\/","article_modified_time":"2024-08-15T09:58:42+00:00","og_image":[{"url":"https:\/\/industriekultur-winterthur.ch\/site\/wp-content\/uploads\/2024\/07\/Dr_HS_Stiftung-Logo-RGB-300x87.jpg","type":"","width":"","height":""}],"twitter_card":"summary_large_image","twitter_misc":{"Gesch\u00e4tzte Lesezeit":"2\u00a0Minuten"},"schema":{"@context":"https:\/\/schema.org","@graph":[{"@type":"WebPage","@id":"https:\/\/industriekultur-winterthur.ch\/site\/schulprojekt\/","url":"https:\/\/industriekultur-winterthur.ch\/site\/schulprojekt\/","name":"Schulprojekt - inbahn","isPartOf":{"@id":"https:\/\/industriekultur-winterthur.ch\/site\/#website"},"primaryImageOfPage":{"@id":"https:\/\/industriekultur-winterthur.ch\/site\/schulprojekt\/#primaryimage"},"image":{"@id":"https:\/\/industriekultur-winterthur.ch\/site\/schulprojekt\/#primaryimage"},"thumbnailUrl":"https:\/\/industriekultur-winterthur.ch\/site\/wp-content\/uploads\/2024\/07\/Dr_HS_Stiftung-Logo-RGB-300x87.jpg","datePublished":"2021-07-26T13:32:24+00:00","dateModified":"2024-08-15T09:58:42+00:00","breadcrumb":{"@id":"https:\/\/industriekultur-winterthur.ch\/site\/schulprojekt\/#breadcrumb"},"inLanguage":"de","potentialAction":[{"@type":"ReadAction","target":["https:\/\/industriekultur-winterthur.ch\/site\/schulprojekt\/"]}]},{"@type":"ImageObject","inLanguage":"de","@id":"https:\/\/industriekultur-winterthur.ch\/site\/schulprojekt\/#primaryimage","url":"https:\/\/industriekultur-winterthur.ch\/site\/wp-content\/uploads\/2024\/07\/Dr_HS_Stiftung-Logo-RGB.jpg","contentUrl":"https:\/\/industriekultur-winterthur.ch\/site\/wp-content\/uploads\/2024\/07\/Dr_HS_Stiftung-Logo-RGB.jpg","width":631,"height":183},{"@type":"BreadcrumbList","@id":"https:\/\/industriekultur-winterthur.ch\/site\/schulprojekt\/#breadcrumb","itemListElement":[{"@type":"ListItem","position":1,"name":"Startseite","item":"https:\/\/industriekultur-winterthur.ch\/site\/"},{"@type":"ListItem","position":2,"name":"Schulprojekt"}]},{"@type":"WebSite","@id":"https:\/\/industriekultur-winterthur.ch\/site\/#website","url":"https:\/\/industriekultur-winterthur.ch\/site\/","name":"Industriekultur Winterthur","description":"Verein f\u00fcr Industrie- und Bahnkultur","publisher":{"@id":"https:\/\/industriekultur-winterthur.ch\/site\/#organization"},"potentialAction":[{"@type":"SearchAction","target":{"@type":"EntryPoint","urlTemplate":"https:\/\/industriekultur-winterthur.ch\/site\/?s={search_term_string}"},"query-input":{"@type":"PropertyValueSpecification","valueRequired":true,"valueName":"search_term_string"}}],"inLanguage":"de"},{"@type":"Organization","@id":"https:\/\/industriekultur-winterthur.ch\/site\/#organization","name":"Industriekultur Winterthur","url":"https:\/\/industriekultur-winterthur.ch\/site\/","logo":{"@type":"ImageObject","inLanguage":"de","@id":"https:\/\/industriekultur-winterthur.ch\/site\/#\/schema\/logo\/image\/","url":"https:\/\/industriekultur-winterthur.ch\/site\/wp-content\/uploads\/2019\/01\/inbahn_orange.png","contentUrl":"https:\/\/industriekultur-winterthur.ch\/site\/wp-content\/uploads\/2019\/01\/inbahn_orange.png","width":1890,"height":709,"caption":"Industriekultur Winterthur"},"image":{"@id":"https:\/\/industriekultur-winterthur.ch\/site\/#\/schema\/logo\/image\/"},"sameAs":["https:\/\/de-de.facebook.com\/Industriekultur.Schweiz\/"]}]}},"jetpack_sharing_enabled":true,"_links":{"self":[{"href":"https:\/\/industriekultur-winterthur.ch\/site\/wp-json\/wp\/v2\/pages\/2846","targetHints":{"allow":["GET"]}}],"collection":[{"href":"https:\/\/industriekultur-winterthur.ch\/site\/wp-json\/wp\/v2\/pages"}],"about":[{"href":"https:\/\/industriekultur-winterthur.ch\/site\/wp-json\/wp\/v2\/types\/page"}],"author":[{"embeddable":true,"href":"https:\/\/industriekultur-winterthur.ch\/site\/wp-json\/wp\/v2\/users\/1"}],"replies":[{"embeddable":true,"href":"https:\/\/industriekultur-winterthur.ch\/site\/wp-json\/wp\/v2\/comments?post=2846"}],"version-history":[{"count":48,"href":"https:\/\/industriekultur-winterthur.ch\/site\/wp-json\/wp\/v2\/pages\/2846\/revisions"}],"predecessor-version":[{"id":3828,"href":"https:\/\/industriekultur-winterthur.ch\/site\/wp-json\/wp\/v2\/pages\/2846\/revisions\/3828"}],"wp:attachment":[{"href":"https:\/\/industriekultur-winterthur.ch\/site\/wp-json\/wp\/v2\/media?parent=2846"}],"curies":[{"name":"wp","href":"https:\/\/api.w.org\/{rel}","templated":true}]}}