{"id":88,"date":"2017-10-04T14:50:04","date_gmt":"2017-10-04T12:50:04","guid":{"rendered":"https:\/\/industriekultur-winterthur.ch\/site\/?page_id=88"},"modified":"2021-07-26T15:27:12","modified_gmt":"2021-07-26T13:27:12","slug":"individuelle_angebote","status":"publish","type":"page","link":"https:\/\/industriekultur-winterthur.ch\/site\/individuelle_angebote\/","title":{"rendered":"Individuelle Angebote"},"content":{"rendered":"<div id='av_section_1'  class='avia-section av-22ao-9aaf1fd50fed8960efd01e8843bb3398 main_color avia-section-default avia-no-shadow  avia-builder-el-0  avia-builder-el-no-sibling  avia-bg-style-scroll container_wrap fullsize'  ><div class='container av-section-cont-open' ><main  role=\"main\" itemprop=\"mainContentOfPage\"  class='template-page content  av-content-full alpha units'><div class='post-entry post-entry-type-page post-entry-88'><div class='entry-content-wrapper clearfix'>\n\n<style type=\"text\/css\" data-created_by=\"avia_inline_auto\" id=\"style-css-av-57omk-3f08237afee231ff27933836955b1984\">\n.flex_column.av-57omk-3f08237afee231ff27933836955b1984{\nborder-radius:0px 0px 0px 0px;\npadding:0px 0px 0px 0px;\n}\n<\/style>\n<div  class='flex_column av-57omk-3f08237afee231ff27933836955b1984 av_one_half  avia-builder-el-1  el_before_av_one_half  avia-builder-el-first  first flex_column_div av-zero-column-padding  '     ><p>\n<style type=\"text\/css\" data-created_by=\"avia_inline_auto\" id=\"style-css-av-4jk6o-735131ad9da0c8b3f1c7c57786ee4a4b\">\n.avia-image-container.av-4jk6o-735131ad9da0c8b3f1c7c57786ee4a4b img.avia_image{\nbox-shadow:none;\n}\n.avia-image-container.av-4jk6o-735131ad9da0c8b3f1c7c57786ee4a4b .av-image-caption-overlay-center{\ncolor:#ffffff;\n}\n<\/style>\n<div  class='avia-image-container av-4jk6o-735131ad9da0c8b3f1c7c57786ee4a4b av-styling- av-hover-grow avia-align-left  avia-builder-el-2  el_before_av_image  avia-builder-el-first '   itemprop=\"image\" itemscope=\"itemscope\" itemtype=\"https:\/\/schema.org\/ImageObject\" ><div class=\"avia-image-container-inner\"><div class=\"avia-image-overlay-wrap\"><img decoding=\"async\" fetchpriority=\"high\" class='wp-image-1742 avia-img-lazy-loading-not-1742 avia_image ' src=\"https:\/\/industriekultur-winterthur.ch\/site\/wp-content\/uploads\/2018\/05\/Rieter.jpg\" alt='' title='Maschinenfabrik Rieter (hpb)'  height=\"1500\" width=\"2000\"  itemprop=\"thumbnailUrl\" srcset=\"https:\/\/industriekultur-winterthur.ch\/site\/wp-content\/uploads\/2018\/05\/Rieter.jpg 2000w, https:\/\/industriekultur-winterthur.ch\/site\/wp-content\/uploads\/2018\/05\/Rieter-300x225.jpg 300w, https:\/\/industriekultur-winterthur.ch\/site\/wp-content\/uploads\/2018\/05\/Rieter-768x576.jpg 768w, https:\/\/industriekultur-winterthur.ch\/site\/wp-content\/uploads\/2018\/05\/Rieter-1030x773.jpg 1030w, https:\/\/industriekultur-winterthur.ch\/site\/wp-content\/uploads\/2018\/05\/Rieter-1500x1125.jpg 1500w, https:\/\/industriekultur-winterthur.ch\/site\/wp-content\/uploads\/2018\/05\/Rieter-705x529.jpg 705w, https:\/\/industriekultur-winterthur.ch\/site\/wp-content\/uploads\/2018\/05\/Rieter-450x338.jpg 450w\" sizes=\"(max-width: 2000px) 100vw, 2000px\" \/><\/div><\/div><\/div><br \/>\n\n<style type=\"text\/css\" data-created_by=\"avia_inline_auto\" id=\"style-css-av-3mvso-0c5e4c2bd124d1559273c0764a7c11f0\">\n.avia-image-container.av-3mvso-0c5e4c2bd124d1559273c0764a7c11f0 img.avia_image{\nbox-shadow:none;\n}\n.avia-image-container.av-3mvso-0c5e4c2bd124d1559273c0764a7c11f0 .av-image-caption-overlay-center{\ncolor:#ffffff;\n}\n<\/style>\n<div  class='avia-image-container av-3mvso-0c5e4c2bd124d1559273c0764a7c11f0 av-styling- av-hover-grow avia-align-left  avia-builder-el-3  el_after_av_image  avia-builder-el-last '   itemprop=\"image\" itemscope=\"itemscope\" itemtype=\"https:\/\/schema.org\/ImageObject\" ><div class=\"avia-image-container-inner\"><div class=\"avia-image-overlay-wrap\"><img decoding=\"async\" fetchpriority=\"high\" class='wp-image-1826 avia-img-lazy-loading-not-1826 avia_image ' src=\"https:\/\/industriekultur-winterthur.ch\/site\/wp-content\/uploads\/2018\/05\/Wespim\u00fchle_bereit.jpg\" alt='' title='Industrie-Veloweg (hg)'  height=\"1500\" width=\"2000\"  itemprop=\"thumbnailUrl\" srcset=\"https:\/\/industriekultur-winterthur.ch\/site\/wp-content\/uploads\/2018\/05\/Wespim\u00fchle_bereit.jpg 2000w, https:\/\/industriekultur-winterthur.ch\/site\/wp-content\/uploads\/2018\/05\/Wespim\u00fchle_bereit-300x225.jpg 300w, https:\/\/industriekultur-winterthur.ch\/site\/wp-content\/uploads\/2018\/05\/Wespim\u00fchle_bereit-768x576.jpg 768w, https:\/\/industriekultur-winterthur.ch\/site\/wp-content\/uploads\/2018\/05\/Wespim\u00fchle_bereit-1030x773.jpg 1030w, https:\/\/industriekultur-winterthur.ch\/site\/wp-content\/uploads\/2018\/05\/Wespim\u00fchle_bereit-1500x1125.jpg 1500w, https:\/\/industriekultur-winterthur.ch\/site\/wp-content\/uploads\/2018\/05\/Wespim\u00fchle_bereit-705x529.jpg 705w, https:\/\/industriekultur-winterthur.ch\/site\/wp-content\/uploads\/2018\/05\/Wespim\u00fchle_bereit-450x338.jpg 450w\" sizes=\"(max-width: 2000px) 100vw, 2000px\" \/><\/div><\/div><\/div><\/p><\/div>\n<style type=\"text\/css\" data-created_by=\"avia_inline_auto\" id=\"style-css-av-3f4xs-9973d06e39f754dd7a19fde9c6fd34dc\">\n.flex_column.av-3f4xs-9973d06e39f754dd7a19fde9c6fd34dc{\nborder-radius:0px 0px 0px 0px;\npadding:0px 0px 0px 0px;\n}\n<\/style>\n<div  class='flex_column av-3f4xs-9973d06e39f754dd7a19fde9c6fd34dc av_one_half  avia-builder-el-4  el_after_av_one_half  avia-builder-el-last  flex_column_div av-zero-column-padding  '     ><p>\n<style type=\"text\/css\" data-created_by=\"avia_inline_auto\" id=\"style-css-av-14qck-9895f0a9aef82ce7e34e95fab7d8a242\">\n#top .av-special-heading.av-14qck-9895f0a9aef82ce7e34e95fab7d8a242{\npadding-bottom:10px;\n}\nbody .av-special-heading.av-14qck-9895f0a9aef82ce7e34e95fab7d8a242 .av-special-heading-tag .heading-char{\nfont-size:25px;\n}\n.av-special-heading.av-14qck-9895f0a9aef82ce7e34e95fab7d8a242 .av-subheading{\nfont-size:15px;\n}\n<\/style>\n<div  class='av-special-heading av-14qck-9895f0a9aef82ce7e34e95fab7d8a242 av-special-heading-h1 blockquote modern-quote  avia-builder-el-5  el_before_av_textblock  avia-builder-el-first '><h1 class='av-special-heading-tag '  itemprop=\"headline\"  >Individuelle Angebote<\/h1><div class=\"special-heading-border\"><div class=\"special-heading-inner-border\"><\/div><\/div><\/div><br \/>\n<section  class='av_textblock_section av-2b244-864d5cf22e9ce5788c48ce3809e82f31 '   itemscope=\"itemscope\" itemtype=\"https:\/\/schema.org\/CreativeWork\" ><div class='avia_textblock'  itemprop=\"text\" ><p><strong>Massgeschneiderte F\u00fchrungen<\/strong><br \/>\nStellen Sie Ihr ganz pers\u00f6nliches Programm zusammen. Kombinieren Sie Elemente aus\u00a0verschiedenen F\u00fchrungen. Planen Sie eine Pause oder einen Ap\u00e9ro ein. Unsere erfahrenen Guides sind offen f\u00fcr Ihre W\u00fcnsche.<\/p>\n<p>Wir beraten Sie gerne jeweils donnerstags 052 202 77 39.<\/p>\n<\/div><\/section><br \/>\n<div  class='hr av-6azw-32124ae0fbeb483bb5aa9d5ad143da1d hr-default  avia-builder-el-7  el_after_av_textblock  el_before_av_button '><span class='hr-inner '><span class=\"hr-inner-style\"><\/span><\/span><\/div><br \/>\n<div  class='avia-button-wrap av-krknzehz-20d0e7da97365afcb5732c324fc454f3-wrap avia-button-left  avia-builder-el-8  el_after_av_hr  avia-builder-el-last '><a href='https:\/\/industriekultur-winterthur.ch\/site\/individuelle_angebote\/buchung-individuelle-angebote\/'  class='avia-button av-krknzehz-20d0e7da97365afcb5732c324fc454f3 av-link-btn avia-icon_select-no avia-size-large avia-position-left avia-color-dark'   aria-label=\"mehr\"><span class='avia_iconbox_title' >mehr<\/span><\/a><\/div><\/p><\/div>\n","protected":false},"excerpt":{"rendered":"","protected":false},"author":1,"featured_media":0,"parent":0,"menu_order":0,"comment_status":"closed","ping_status":"closed","template":"","meta":{"footnotes":""},"class_list":["post-88","page","type-page","status-publish","hentry"],"yoast_head":"<!-- This site is optimized with the Yoast SEO plugin v27.6 - https:\/\/yoast.com\/product\/yoast-seo-wordpress\/ -->\n<title>Individuelle Angebote - inbahn<\/title>\n<meta name=\"robots\" content=\"index, follow, max-snippet:-1, max-image-preview:large, max-video-preview:-1\" \/>\n<link rel=\"canonical\" href=\"https:\/\/industriekultur-winterthur.ch\/site\/individuelle_angebote\/\" \/>\n<meta property=\"og:locale\" content=\"de_DE\" \/>\n<meta property=\"og:type\" content=\"article\" \/>\n<meta property=\"og:title\" content=\"Individuelle Angebote - inbahn\" \/>\n<meta property=\"og:url\" content=\"https:\/\/industriekultur-winterthur.ch\/site\/individuelle_angebote\/\" \/>\n<meta property=\"og:site_name\" content=\"inbahn\" \/>\n<meta property=\"article:publisher\" content=\"https:\/\/de-de.facebook.com\/Industriekultur.Schweiz\/\" \/>\n<meta property=\"article:modified_time\" content=\"2021-07-26T13:27:12+00:00\" \/>\n<meta name=\"twitter:card\" content=\"summary_large_image\" \/>\n<meta name=\"twitter:label1\" content=\"Gesch\u00e4tzte Lesezeit\" \/>\n\t<meta name=\"twitter:data1\" content=\"4\u00a0Minuten\" \/>\n<script type=\"application\/ld+json\" class=\"yoast-schema-graph\">{\"@context\":\"https:\\\/\\\/schema.org\",\"@graph\":[{\"@type\":\"WebPage\",\"@id\":\"https:\\\/\\\/industriekultur-winterthur.ch\\\/site\\\/individuelle_angebote\\\/\",\"url\":\"https:\\\/\\\/industriekultur-winterthur.ch\\\/site\\\/individuelle_angebote\\\/\",\"name\":\"Individuelle Angebote - inbahn\",\"isPartOf\":{\"@id\":\"https:\\\/\\\/industriekultur-winterthur.ch\\\/site\\\/#website\"},\"datePublished\":\"2017-10-04T12:50:04+00:00\",\"dateModified\":\"2021-07-26T13:27:12+00:00\",\"breadcrumb\":{\"@id\":\"https:\\\/\\\/industriekultur-winterthur.ch\\\/site\\\/individuelle_angebote\\\/#breadcrumb\"},\"inLanguage\":\"de\",\"potentialAction\":[{\"@type\":\"ReadAction\",\"target\":[\"https:\\\/\\\/industriekultur-winterthur.ch\\\/site\\\/individuelle_angebote\\\/\"]}]},{\"@type\":\"BreadcrumbList\",\"@id\":\"https:\\\/\\\/industriekultur-winterthur.ch\\\/site\\\/individuelle_angebote\\\/#breadcrumb\",\"itemListElement\":[{\"@type\":\"ListItem\",\"position\":1,\"name\":\"Startseite\",\"item\":\"https:\\\/\\\/industriekultur-winterthur.ch\\\/site\\\/\"},{\"@type\":\"ListItem\",\"position\":2,\"name\":\"Individuelle Angebote\"}]},{\"@type\":\"WebSite\",\"@id\":\"https:\\\/\\\/industriekultur-winterthur.ch\\\/site\\\/#website\",\"url\":\"https:\\\/\\\/industriekultur-winterthur.ch\\\/site\\\/\",\"name\":\"Industriekultur Winterthur\",\"description\":\"Verein f\u00fcr Industrie- und Bahnkultur\",\"publisher\":{\"@id\":\"https:\\\/\\\/industriekultur-winterthur.ch\\\/site\\\/#organization\"},\"potentialAction\":[{\"@type\":\"SearchAction\",\"target\":{\"@type\":\"EntryPoint\",\"urlTemplate\":\"https:\\\/\\\/industriekultur-winterthur.ch\\\/site\\\/?s={search_term_string}\"},\"query-input\":{\"@type\":\"PropertyValueSpecification\",\"valueRequired\":true,\"valueName\":\"search_term_string\"}}],\"inLanguage\":\"de\"},{\"@type\":\"Organization\",\"@id\":\"https:\\\/\\\/industriekultur-winterthur.ch\\\/site\\\/#organization\",\"name\":\"Industriekultur Winterthur\",\"url\":\"https:\\\/\\\/industriekultur-winterthur.ch\\\/site\\\/\",\"logo\":{\"@type\":\"ImageObject\",\"inLanguage\":\"de\",\"@id\":\"https:\\\/\\\/industriekultur-winterthur.ch\\\/site\\\/#\\\/schema\\\/logo\\\/image\\\/\",\"url\":\"https:\\\/\\\/industriekultur-winterthur.ch\\\/site\\\/wp-content\\\/uploads\\\/2019\\\/01\\\/inbahn_orange.png\",\"contentUrl\":\"https:\\\/\\\/industriekultur-winterthur.ch\\\/site\\\/wp-content\\\/uploads\\\/2019\\\/01\\\/inbahn_orange.png\",\"width\":1890,\"height\":709,\"caption\":\"Industriekultur Winterthur\"},\"image\":{\"@id\":\"https:\\\/\\\/industriekultur-winterthur.ch\\\/site\\\/#\\\/schema\\\/logo\\\/image\\\/\"},\"sameAs\":[\"https:\\\/\\\/de-de.facebook.com\\\/Industriekultur.Schweiz\\\/\"]}]}<\/script>\n<!-- \/ Yoast SEO plugin. -->","yoast_head_json":{"title":"Individuelle Angebote - inbahn","robots":{"index":"index","follow":"follow","max-snippet":"max-snippet:-1","max-image-preview":"max-image-preview:large","max-video-preview":"max-video-preview:-1"},"canonical":"https:\/\/industriekultur-winterthur.ch\/site\/individuelle_angebote\/","og_locale":"de_DE","og_type":"article","og_title":"Individuelle Angebote - inbahn","og_url":"https:\/\/industriekultur-winterthur.ch\/site\/individuelle_angebote\/","og_site_name":"inbahn","article_publisher":"https:\/\/de-de.facebook.com\/Industriekultur.Schweiz\/","article_modified_time":"2021-07-26T13:27:12+00:00","twitter_card":"summary_large_image","twitter_misc":{"Gesch\u00e4tzte Lesezeit":"4\u00a0Minuten"},"schema":{"@context":"https:\/\/schema.org","@graph":[{"@type":"WebPage","@id":"https:\/\/industriekultur-winterthur.ch\/site\/individuelle_angebote\/","url":"https:\/\/industriekultur-winterthur.ch\/site\/individuelle_angebote\/","name":"Individuelle Angebote - inbahn","isPartOf":{"@id":"https:\/\/industriekultur-winterthur.ch\/site\/#website"},"datePublished":"2017-10-04T12:50:04+00:00","dateModified":"2021-07-26T13:27:12+00:00","breadcrumb":{"@id":"https:\/\/industriekultur-winterthur.ch\/site\/individuelle_angebote\/#breadcrumb"},"inLanguage":"de","potentialAction":[{"@type":"ReadAction","target":["https:\/\/industriekultur-winterthur.ch\/site\/individuelle_angebote\/"]}]},{"@type":"BreadcrumbList","@id":"https:\/\/industriekultur-winterthur.ch\/site\/individuelle_angebote\/#breadcrumb","itemListElement":[{"@type":"ListItem","position":1,"name":"Startseite","item":"https:\/\/industriekultur-winterthur.ch\/site\/"},{"@type":"ListItem","position":2,"name":"Individuelle Angebote"}]},{"@type":"WebSite","@id":"https:\/\/industriekultur-winterthur.ch\/site\/#website","url":"https:\/\/industriekultur-winterthur.ch\/site\/","name":"Industriekultur Winterthur","description":"Verein f\u00fcr Industrie- und Bahnkultur","publisher":{"@id":"https:\/\/industriekultur-winterthur.ch\/site\/#organization"},"potentialAction":[{"@type":"SearchAction","target":{"@type":"EntryPoint","urlTemplate":"https:\/\/industriekultur-winterthur.ch\/site\/?s={search_term_string}"},"query-input":{"@type":"PropertyValueSpecification","valueRequired":true,"valueName":"search_term_string"}}],"inLanguage":"de"},{"@type":"Organization","@id":"https:\/\/industriekultur-winterthur.ch\/site\/#organization","name":"Industriekultur Winterthur","url":"https:\/\/industriekultur-winterthur.ch\/site\/","logo":{"@type":"ImageObject","inLanguage":"de","@id":"https:\/\/industriekultur-winterthur.ch\/site\/#\/schema\/logo\/image\/","url":"https:\/\/industriekultur-winterthur.ch\/site\/wp-content\/uploads\/2019\/01\/inbahn_orange.png","contentUrl":"https:\/\/industriekultur-winterthur.ch\/site\/wp-content\/uploads\/2019\/01\/inbahn_orange.png","width":1890,"height":709,"caption":"Industriekultur Winterthur"},"image":{"@id":"https:\/\/industriekultur-winterthur.ch\/site\/#\/schema\/logo\/image\/"},"sameAs":["https:\/\/de-de.facebook.com\/Industriekultur.Schweiz\/"]}]}},"jetpack_sharing_enabled":true,"_links":{"self":[{"href":"https:\/\/industriekultur-winterthur.ch\/site\/wp-json\/wp\/v2\/pages\/88","targetHints":{"allow":["GET"]}}],"collection":[{"href":"https:\/\/industriekultur-winterthur.ch\/site\/wp-json\/wp\/v2\/pages"}],"about":[{"href":"https:\/\/industriekultur-winterthur.ch\/site\/wp-json\/wp\/v2\/types\/page"}],"author":[{"embeddable":true,"href":"https:\/\/industriekultur-winterthur.ch\/site\/wp-json\/wp\/v2\/users\/1"}],"replies":[{"embeddable":true,"href":"https:\/\/industriekultur-winterthur.ch\/site\/wp-json\/wp\/v2\/comments?post=88"}],"version-history":[{"count":27,"href":"https:\/\/industriekultur-winterthur.ch\/site\/wp-json\/wp\/v2\/pages\/88\/revisions"}],"predecessor-version":[{"id":3558,"href":"https:\/\/industriekultur-winterthur.ch\/site\/wp-json\/wp\/v2\/pages\/88\/revisions\/3558"}],"wp:attachment":[{"href":"https:\/\/industriekultur-winterthur.ch\/site\/wp-json\/wp\/v2\/media?parent=88"}],"curies":[{"name":"wp","href":"https:\/\/api.w.org\/{rel}","templated":true}]}}